))/((-6)/90)?
9
Suppose -5*z = 4*y - 653, -4*z - y - 385 = -7*z. What is the tens digit of z?
2
Let r be (1/(-2))/((-4)/(-72)). Let c = r + 14. What is the units digit of c?
5
Let d(s) = s**2 + 2*s - 1. Let v = -2 + 3. What is the units digit of d(v)?
2
Let s = -6 - -8. Suppose -5*q - 36 = -s*z, 0 = 2*q + q. Suppose -4*g + z = 6. What is the units digit of g?
3
Let w = -3 - -3. Suppose -2*m + m = -42. Suppose -5*t - 4*y + 2*y = -m, 3*y + 12 = w. What is the tens digit of t?
1
Let g(x) = -x**3 - 7*x**2 - 3*x + 5. Let r(j) = j**3 + 11*j**2 - 7. Let u be r(-11). What is the tens digit of g(u)?
2
Let m = 48 - -47. What is the tens digit of m?
9
Suppose -9*o + 10 = -7*o. Let g(y) = y**2 - 6*y + 10. Let i(r) = 1. Let t(z) = g(z) - 4*i(z). What is the units digit of t(o)?
1
Let j(q) = -2*q - 1. Let t be j(-2). What is the tens digit of t - 60/((-9)/3)?
2
What is the tens digit of ((1 - 2) + -65)/(-1)?
6
Suppose -2*l - 4*p + 350 = 3*l, -5*l - 3*p = -355. What is the tens digit of l?
7
Let k(m) = 2*m + 6. Let o be k(-5). What is the units digit of ((-16)/(-5))/o*-15?
2
Let b(j) = -j**3 - 3*j**2 + 12*j + 23. What is the tens digit of b(-6)?
5
Suppose 5*i = w + 25, -15 = -i - 2*i - 3*w. Suppose 174 = i*x + 69. What is the tens digit of x?
2
Let j = -116 - -203. What is the units digit of j?
7
Suppose 2*j - 12 = -2*j. Suppose 0 = -8*l + j*l. Suppose 2*w - 4 = -t, l = w - 5*w + t + 8. What is the units digit of w?
2
Let i = -4 + -1. Let l(m) be the third derivative of m**6/120 + m**5/10 + m**4/6 + 2*m**2. What is the units digit of l(i)?
5
What is the units digit of 14 - 4 - (2 + -1)?
9
Suppose -4*l + 9 = 1, 0 = -2*v + l + 4. Suppose -3*k + 0*k - v*p + 3 = 0, 4 = -p. What is the units digit of k?
5
Let v(d) = d**2 - d. Let p be v(3). Let w be ((-2)/1)/(p/9). Let y = 12 + w. What is the units digit of y?
9
Suppose 4*h - 50 - 62 = 0. What is the units digit of h?
8
What is the tens digit of 11/(132/(-16))*-153?
0
Suppose 8 = -4*j + 8*j. Suppose v = -0*v + 14. Suppose v = 4*h - j. What is the units digit of h?
4
Let s be -2*(-5)/(30/147). Let d = -26 + s. What is the tens digit of d?
2
Let g(z) = 4*z - 11. Let d(c) = c + 1. Let p be d(8). Let k be g(p). Suppose 4*v - 2*x = -6*x, -v + k = -4*x. What is the units digit of v?
5
Suppose 7*m = 13*m - 576. What is the tens digit of m?
9
Let q be (-522)/33 - (-2)/(-11). Let i = -11 - q. Suppose -9 = -i*c + 21. What is the units digit of c?
6
Let i(f) = f**3 - 3*f**2 - 2*f - 3. Let x be i(4). Suppose -62 - 8 = -x*j. What is the tens digit of j?
1
Let n = -23 - 24. Let h = 29 - n. Suppose -2*l + h = 4*g, 3*l + 0*l - 78 = -4*g. What is the tens digit of g?
1
Let n = 13 + -9. Suppose 0 = -6*z + n*z + 4. What is the units digit of z?
2
Let w = -229 + 459. What is the hundreds digit of w?
2
Suppose 0*y - 2*y = -74. Let t = -22 + y. Suppose 5*i - t = -5*k, -4*i + 0*k + 12 = k. What is the units digit of i?
3
Suppose 3*m + 345 = 5*f - 2*m, -5*f + 335 = -3*m. What is the tens digit of f?
6
Let v be (-6)/9*3/(-2). What is the units digit of 10 + v + 0 + -2?
9
Let b = -28 + 18. Let v(z) = -z**3 - 9*z**2 + 9*z - 12. Let h be v(b). Let w = h + 7. What is the units digit of w?
5
Let z = 455 + -232. What is the units digit of z?
3
Suppose r = -3 + 2. Let c be (r - 0)*(-47 - 0). Suppose 3*w - c = 10. What is the tens digit of w?
1
What is the tens digit of 18/((-11)/(-3) - 3)?
2
Let i be 7/3*(-30)/5. Let m be 1/5 - 82/10. Let o = m - i. What is the units digit of o?
6
Suppose 0 = 4*k + 2*f - 182, -6 = 4*f - 2. What is the units digit of k?
6
Let q(j) = j**2 - 7*j + 3. Let x be q(7). What is the units digit of (1 - (-1 + x)) + 2?
1
Let u be (-5)/(-15) + (-191)/(-3). Suppose -4*h - u = 56. What is the units digit of 3/(-2)*h/9?
5
What is the hundreds digit of (4 - (-117 + 0))/(3/6)?
2
Suppose 5*l - 3*j - 17 = 0, 2*l + 1 = -3*j - 9. Suppose -3*m + 13 - l = 0. What is the units digit of m?
4
Let b(y) be the third derivative of y**6/120 + y**5/10 - y**4/24 - y**3/2 - 3*y**2. What is the units digit of b(-6)?
3
Let b = 10 + -20. What is the units digit of b/(-6) + (-4)/(-12)?
2
Let z(g) = 3*g - 24. What is the units digit of z(16)?
4
Let t = 18 - 10. Let z = 5 + t. What is the tens digit of z?
1
Let r = 6 - 2. Suppose 16 = 2*b + 2*b + r*z, 0 = -5*b + 5*z + 10. Suppose 2*k = b*k - 7. What is the units digit of k?
7
Suppose h = -c + 220, 8*c - 13*c + h = -1124. What is the units digit of c?
4
Suppose -2*m - 5*p + 31 = 0, m = -m - 4*p + 26. Let i = -3 + m. Suppose i*n + 20 = 4*k + n, -k - 5*n = -5. What is the units digit of k?
5
Suppose 92 = 2*z + 2*z. Suppose -3*t - 4*a + 35 = 0, a = t + 4*a - 20. Suppose -b + z = 2*f, 6*f - t*b = 2*f + 11. What is the units digit of f?
9
Suppose -3*d + 1561 = 4*d. What is the units digit of d?
3
Suppose -5*u - 3*n - 2*n = -30, n = 2. Let q(g) = g**2 - 5*g + 3. Let w be q(u). Let l = 13 + w. What is the units digit of l?
2
Let k(v) = -3*v + 1. Let t be k(-1). Suppose -t*i + 32 = 4*c - 20, 0 = -3*c + 9. What is the units digit of i?
0
Suppose 5*c - 699 = c - 5*f, 0 = -5*c + 4*f + 884. What is the units digit of c?
6
Let a be -1 - -3*(-3)/3. Let y(f) = f**2 + 5*f + 6. Let b be y(a). Suppose 4*x = k + 49, 2*k = -b*k - 4. What is the tens digit of x?
1
Let z(i) = -i + 9. Let c = 18 - 11. What is the units digit of z(c)?
2
Let d(c) = 35*c + 41. What is the hundreds digit of d(4)?
1
Suppose 4*y - 11*y = -371. What is the units digit of y?
3
Let v(w) = -w**2 + 6*w - 5. Suppose 3*z - z = 4. Suppose 3*c - 15 = 0, -x + 2*c - 14 = -z*x. What is the units digit of v(x)?
3
What is the units digit of (6 - 8)*(-3 - -1)?
4
Suppose 2*r = c - 108, -2*r + 408 = 4*c + 2*r. What is the tens digit of c?
0
What is the units digit of (-45)/(-6)*4/6?
5
Suppose -t + 37 = 5*h, 5*h - 2*t = 2*t + 27. Suppose -h - 1 = -4*l. What is the units digit of l?
2
Let n be 0 - (6 - (1 - 2)). Let w(q) = -q - 3. What is the units digit of w(n)?
4
Suppose -2*v = -4*w - 69 - 177, 0 = w - 2. What is the hundreds digit of v?
1
Let c(h) = -3*h. Let y be c(-2). Suppose -4*g + 39 - y = 5*d, 5*d + 5*g - 35 = 0. Let z = -1 + d. What is the units digit of z?
4
What is the hundreds digit of -4 - (2 + 5 + -210)?
1
Suppose -w = -5*h + 14 + 9, h - 4 = 0. Let s = 0 - -7. Let o = s + w. What is the units digit of o?
4
Let x(w) = w. Let q be x(0). Let a(u) = -u**3 - u + 24. Let b be a(q). Let y = 34 - b. What is the units digit of y?
0
Let c be (-4)/(-14) + 334/7. Suppose -4*i + 4*d + c = 0, -4*i + 24 = -2*i - d. What is the tens digit of i?
1
Let z = 46 + -4. What is the tens digit of z?
4
Let r = 10 - 4. Suppose -3*k = f + 5, 0 = -k + 3*f + r + 9. Suppose -2*x + 5*x - 45 = k. What is the tens digit of x?
1
Let x = 26 + -49. Let g = -2 - x. What is the tens digit of g?
2
Let n = -3 - -1. Let o = n + 5. What is the units digit of o?
3
Suppose -2*h = 2*h + 52. Let j = h - -4. Let q = j + 16. What is the units digit of q?
7
Suppose -5*o = -10 - 5. Suppose j - o*j + h = -6, 3*j = -h + 14. Suppose d = -3*v - 0*d + 19, j*d + 52 = 4*v. What is the units digit of v?
8
Let n(u) = 3 - 13*u - 5*u - 2 - 3. What is the units digit of n(-1)?
6
Let j = 80 - 41. What is the units digit of j?
9
Let x(k) = k. Let v(s) = -2*s**2 + 2*s + 9. Let h(q) = -v(q) + 2*x(q). What is the tens digit of h(4)?
2
Let g = -323 + 469. What is the tens digit of g?
4
Let w(p) = -5*p - 12. What is the tens digit of w(-5)?
1
Suppose -3*x - 5*z = 12, 3*x + 0 = -3*z - 6. What is the units digit of x?
1
Suppose 0 = -3*f + f + 16. Let m(o) = o + 3 - f - 1. What is the units digit of m(11)?
5
What is the units digit of 338/6 + 8/(-24)?
6
What is the units digit of 22/4 + 3/(-2)?
4
What is the tens digit of (16/(-12) + 1)*-117?
3
Suppose -3*j - 3 = -g - 1, -j + 1 = 0. Suppose 6 = -4*m + g*r, -5*m + 10 = -3*m + 4*r. What is the units digit of m?
1
Let d = -30 + 56. Suppose 2*n = n + d. Let p = -12 + n. What is the units digit of p?
4
Suppose 22*x - 5491 = 5*x. What is the hundreds digit of x?
3
Suppose 3*q + k = 8, 5*q + k + 8 = 22. Let b be (2 - q)/((-2)/4). What is the units digit of b/6 - 4/(-6)?
1
Let a = 280 + -140. Suppose 3*t - a = -4*w, -t - 6*w + 4*w + 46 = 0. What is the units digit of t?
8
Let g(j) = -7*j**2 + 5 + j**3 + 7*j - j**2 + 0. Suppose -5*b + 5*y + 15 = 0, 3*b - 10 = -5*y + 31. Wha